 the tens digit of n(w)?
1
Let x(s) = s + 1. Let b(l) = -10*l - 4. Let j(a) = b(a) + 3*x(a). Let t be j(-2). Suppose p = 2*p - t. What is the tens digit of p?
1
Let r = -2 - -15. What is the tens digit of r?
1
Let z = -24 - -10. Let a = 4 - z. What is the units digit of a?
8
Let h(g) = g**2 + 4. Let p be h(-6). Suppose 20 = 4*y - p. What is the tens digit of y?
1
Let b(n) = n + 1. What is the units digit of b(8)?
9
Suppose -m - 41 = m + 5*a, -4*a = -2*m + 4. Let d(o) = o + 10. Let j be d(m). Suppose -j*b = 4*i - 24, -11 = -4*i - 5*b + 1. What is the units digit of i?
8
Suppose 3*a - 2*v + 91 = -41, -159 = 4*a + 3*v. Let y = -74 - a. Let x = -17 - y. What is the units digit of x?
5
Let w = -27 - -39. What is the tens digit of (w/7)/((-3)/(-21))?
1
Let t be (-8)/((4/(-8))/((-1)/2)). Let i be (-1 - 9/(-4))*-4. Let h = i - t. What is the units digit of h?
3
Let s be 2/10 + (-116)/(-20). Let w = s - 2. Suppose 0 = -5*m + 5*g + 90, w*g = -2*m + g + 41. What is the units digit of m?
9
Suppose 5*j + c = -2*c + 1117, -2*j = c - 446. What is the units digit of j?
1
What is the tens digit of 224/5 + (-2)/(-10)?
4
Let l = 2 + 7. What is the units digit of 6/9 - (-120)/l?
4
Let m(b) = -6*b - 14. What is the units digit of m(-11)?
2
Let p = -49 - -151. What is the tens digit of p?
0
Let n be (0 - -1)*(-7 + 9). Let a be 20/6*(-3)/(-2). Suppose 0 = -4*z - n*o + 30, a*z - 4*o = o. What is the units digit of z?
5
Let w(n) = n**3 + 10*n**2 - 12*n + 2. What is the tens digit of w(-7)?
3
Suppose 4*v - 36 = 84. What is the units digit of v?
0
Let f = -3 + 10. Let t be (-3 + f)/(2/1). Suppose -m + t = -0*m. What is the units digit of m?
2
Suppose -5*j = d - 24, 3*j + 28 = 4*d - 91. What is the tens digit of d?
2
Suppose 0 = 2*y - 3*y + 14. What is the tens digit of y?
1
Let b be 6/(-4)*(-30)/9. Suppose -g - 4*d = 3, -b*d = -2*g + 12 + 8. What is the units digit of g?
5
Let k(o) = 61*o**2 - 3*o + 1. What is the units digit of k(1)?
9
Suppose -55 = -2*g - c - 4*c, -4*g - 2*c = -86. Let r(y) = -y**2 - 2*y + 1. Let i be r(2). Let q = i + g. What is the tens digit of q?
1
Let k(z) = 2*z + 1. Let m be k(7). Let c = -5 + m. What is the tens digit of c?
1
Let s(b) = -16*b + 3. Let p(f) = -1. Let x(u) = -2*p(u) - s(u). What is the units digit of x(2)?
1
What is the tens digit of 52 - ((-3)/6 - 9/(-2))?
4
Let s(h) = -4*h - 11. Let u be s(-5). Let m = 6 + u. What is the units digit of m?
5
Suppose a = 3*v + 200, -2*v = -a - 0*v + 197. What is the tens digit of a?
9
Let f(j) = j + 7. Let m be f(-5). Let x(g) = -7*g + 2. Let b be x(m). What is the tens digit of (48/10)/(b/(-40))?
1
What is the hundreds digit of (-219)/30*-14 - (-3)/(-15)?
1
Suppose -69 = -d - 3*a, 3*d + 2*a - 220 - 15 = 0. What is the units digit of d?
1
Let l = 119 - -139. Suppose -9*g + l = -3*g. What is the tens digit of g?
4
Let o be -1 - (-2)/(2/(-1)). Suppose 7*a - 41 = 2*a - n, -4 = -4*n. Let y = o + a. What is the units digit of y?
6
Let g(u) = -u**3 + 5*u**2 + 2*u - 5. Let i be g(5). What is the units digit of (8 - 5)*i/3?
5
Let z be (-64)/(-24)*33/2. Let l = z + -22. What is the tens digit of l?
2
Suppose -3*f - 40 = -4*k, 0*f + 5*f + 3*k + 115 = 0. Let b = f - -44. What is the tens digit of b?
2
What is the units digit of 2*((-3)/3 - -17)?
2
Suppose 0 = 4*h - 2*h + 14. Let n = h - -21. What is the tens digit of n?
1
Suppose -i + 0*s - 5*s = -89, 2*s - 2 = 0. What is the units digit of i?
4
Suppose -5*x + 28 = -32. Suppose 3*b + x = -3. Let n = b - -11. What is the units digit of n?
6
Suppose -30 = -5*y - 10. Suppose -y*v = 3*u - 9, -2*v - 1 = -3*u + 8. What is the units digit of u?
3
What is the hundreds digit of (-3)/(6/(-200)) + 29 + -26?
1
Suppose 3*c + 60 = -2*c. What is the units digit of (c/(-16))/(2/24)?
9
Suppose -f - 2 + 3 = 0. What is the tens digit of (f - -32) + 6 + -8?
3
Let g(o) = 2*o**2 + 11*o + 4. What is the tens digit of g(-8)?
4
Suppose -5 = -s + r, 5*s + 21 = 9*s - 5*r. Suppose 2*n = -4*w + 74, n + 5*w = s*w + 38. What is the units digit of n?
9
Suppose -3 = -2*x - g - 1, -5*x + 14 = -2*g. Suppose 10 = -x*d + 28. Let v = d - -5. What is the tens digit of v?
1
Suppose -11 = -u - 3*w, 0*u + 2*u + 3*w - 10 = 0. Let q be (u - -2)/((-4)/(-20)). Suppose q*z - 48 = z. What is the units digit of z?
2
Let r be (-4)/(1*-2) + 2. Suppose -18 = -r*o - 5*x, 0*o - 3*x = 3*o - 12. What is the units digit of o?
2
Let u be 6/(-4)*4/(-2). Suppose 3*d = 5*q + 2, -2*q - 12 = -u*d - d. What is the units digit of d?
4
Suppose -2*k - 72 = -6*k. Let g = k + -10. What is the units digit of g?
8
Let t be ((-1)/(-3))/((-2)/(-18)). Let d(k) = k**2 - 1 + t*k**2 + k + k**2. What is the units digit of d(1)?
5
Let r(n) = n**2 + 8*n + 9. Let f be r(-7). Suppose -o - 4 = -2*c, -f*o - 3*c + 28 = 2*o. What is the units digit of (4/(-6))/(o/(-30))?
5
Let t(g) = g**2 + g + 1. Let a = -8 + 13. Let x = a - 7. What is the units digit of t(x)?
3
Suppose -5*v + 30 = -l + 77, 4*v = 3*l - 86. Suppose -o - s + 13 = s, o - l = -5*s. What is the units digit of o?
7
Suppose 5*a + 2*g + 80 = g, -45 = 4*a - 3*g. Let p = a + 23. What is the units digit of p?
8
Suppose 2*x - w + 4*w = 44, -4*x + 108 = -4*w. Suppose -x = -4*s + 31. What is the units digit of s?
4
What is the units digit of (-1)/(-5) - (-7)/((-35)/(-529))?
6
Suppose 5*g - 2*k - 9 = 17, -g - 2*k - 2 = 0. What is the units digit of g?
4
Suppose 5*k + 14 + 6 = 0. Let w be (-2)/4 + 6/k. Let t(f) = -f**2 - 2*f + 1. What is the units digit of t(w)?
1
Let c = 567 - 335. What is the hundreds digit of c?
2
Let y = -180 - -270. Suppose -15*i = -12*i - y. What is the units digit of i?
0
Suppose -3*l = 12, a = 3*a - 2*l - 8. Suppose 0 = -2*i - 3*i + 25. Suppose -w + 8 = 2*r + 3, a = 2*w - i*r - 19. What is the units digit of w?
7
Let k = -62 - -134. Let w = k + -38. Suppose -n + 2*n = 4*m - 67, 3*m = 4*n + w. What is the units digit of m?
8
Let m = 7 + 30. What is the tens digit of m?
3
Let f(s) = -s**2 - 8*s + 18. What is the units digit of f(-9)?
9
Let w = 108 + -58. What is the tens digit of w?
5
Suppose 5*j + 2*t = -59, -2*j - 20 = 5*t + 12. Let i = -6 - j. Let w(h) = -h**3 + 6*h**2 - 5*h + 3. What is the units digit of w(i)?
3
Let q(s) = -s**3 - 6*s**2 + 6. Let f be q(-6). What is the units digit of (2/f)/((-7)/(-147))?
7
Suppose 5*v - 369 = -r + 32, -3*r + 4*v = -1127. What is the tens digit of r?
8
Let i(n) = 10*n + 14. What is the units digit of i(5)?
4
Let y be (-3)/(3/4 - 0). Let v(l) = -l**2 + 3*l**2 + l + 4*l. What is the tens digit of v(y)?
1
Suppose -31 = -d - 3*i, -5*i = -0 - 15. Suppose 4*a = 3*a + d. What is the tens digit of a?
2
Let m be -23*2*(-6)/12. Let y = 9 + m. What is the units digit of y?
2
Suppose 2*z - 5*l - 4 = 0, -4*z = 3*l - 4*l - 26. Let h(c) = c**3 - 6*c**2 - 3*c - 5. What is the tens digit of h(z)?
2
What is the tens digit of 5/(-1)*(-54)/5?
5
Let x = -7 - -4. Let c(m) = m**2 + 3*m + 2. Let l be c(x). Suppose -g = -12 + l. What is the tens digit of g?
1
What is the tens digit of (108/(1 + 5))/(2/4)?
3
Let d = 12 - 9. Suppose -6 = -f - d*s, 5*f - 30 = -3*s - 0*s. What is the units digit of f?
6
Let x be (1 + 0)/((-4)/(-20)). Suppose -g - 4*j = -0*j - 12, 0 = 3*g - 3*j - 36. Suppose 4*y = 5*q - 4*q + g, -x*q = y - 45. What is the units digit of q?
8
What is the tens digit of 0 + (-6)/30 - (-96)/5?
1
Let o(l) = l**2 + 2*l - 5. Let n be o(-4). Suppose n*t - 12 - 9 = 0. What is the units digit of t?
7
Suppose -b - 2*w = -348, 3*b - 580 = 3*w + 500. What is the hundreds digit of b?
3
Suppose -8 = -4*x, -x - 105 = -5*i + 4*x. What is the units digit of i?
3
Let v(y) = -y + 28. What is the tens digit of v(14)?
1
Let p be -1 + (-57)/(-3) + -4. Suppose -o + 4*c = -p, -2*c - 2 = -10. What is the tens digit of o?
3
Suppose v + 4 = 3*v - m, 0 = 4*m. Suppose -3*i = v*i + 5, 66 = 5*j + 4*i. What is the units digit of j?
4
Suppose -6 = -0*v + v. Let i(t) = t**3 + 6*t**2 - t - 3. Let n be i(v). Suppose -n*p + 7*p = 28. What is the units digit of p?
7
Let w = -5 + 12. Suppose 3*c - w - 5 = 0. What is the units digit of c?
4
Suppose 3*g - 6 = 3*s, 3*g - 6 = -s + 3*s. Suppose 5*j + 60 = 5*r, r + s*r = 4*j + 9. What is the units digit of r?
3
Let t(q) = -q**3 + 6*q**2 - 6*q + 7. Let x be t(5). Suppose 5*p + 6 = 16, 2*j + x*p = 12. Suppose -j*m + m + 12 = 0. What 